{"id":1223,"date":"2026-01-22T11:40:53","date_gmt":"2026-01-22T09:40:53","guid":{"rendered":"https:\/\/nativamedical.ro\/?page_id=1223"},"modified":"2026-01-22T11:41:57","modified_gmt":"2026-01-22T09:41:57","slug":"dr-teona-botnaru-dermatovenerologie","status":"publish","type":"page","link":"https:\/\/nativamedical.ro\/index.php\/dr-teona-botnaru-dermatovenerologie\/","title":{"rendered":"Dr. Teona Botnaru &#8211; Medic Specialist Dermatovenerologie"},"content":{"rendered":"\t\t<div data-elementor-type=\"wp-page\" data-elementor-id=\"1223\" class=\"elementor elementor-1223\">\n\t\t\t\t<div class=\"elementor-element elementor-element-2faf963 e-flex e-con-boxed e-con e-parent\" data-id=\"2faf963\" data-element_type=\"container\">\n\t\t\t\t\t<div class=\"e-con-inner\">\n\t\t<div class=\"elementor-element elementor-element-01f31c8 e-con-full e-flex e-con e-child\" data-id=\"01f31c8\" data-element_type=\"container\">\n\t\t\t\t<div class=\"elementor-element elementor-element-42442b0 elementor-widget elementor-widget-image\" data-id=\"42442b0\" data-element_type=\"widget\" data-widget_type=\"image.default\">\n\t\t\t\t\t\t\t\t\t\t\t\t\t\t\t<img fetchpriority=\"high\" decoding=\"async\" width=\"800\" height=\"800\" src=\"https:\/\/nativamedical.ro\/wp-content\/uploads\/2025\/11\/BOTNARU-TEONAss.jpg\" class=\"attachment-large size-large wp-image-610\" alt=\"\" srcset=\"https:\/\/nativamedical.ro\/wp-content\/uploads\/2025\/11\/BOTNARU-TEONAss.jpg 1024w, https:\/\/nativamedical.ro\/wp-content\/uploads\/2025\/11\/BOTNARU-TEONAss-300x300.jpg 300w, https:\/\/nativamedical.ro\/wp-content\/uploads\/2025\/11\/BOTNARU-TEONAss-150x150.jpg 150w, https:\/\/nativamedical.ro\/wp-content\/uploads\/2025\/11\/BOTNARU-TEONAss-768x768.jpg 768w\" sizes=\"(max-width: 800px) 100vw, 800px\" \/>\t\t\t\t\t\t\t\t\t\t\t\t\t\t\t<\/div>\n\t\t\t\t<div class=\"elementor-element elementor-element-ab7c379 elementor-widget elementor-widget-heading\" data-id=\"ab7c379\" data-element_type=\"widget\" data-widget_type=\"heading.default\">\n\t\t\t\t\t<h2 class=\"elementor-heading-title elementor-size-default\">Dr. Teona Botnaru<br><br>Medic specialist Dermatovenerologie<\/h2>\t\t\t\t<\/div>\n\t\t\t\t<\/div>\n\t\t<div class=\"elementor-element elementor-element-0fff324 e-con-full e-flex e-con e-child\" data-id=\"0fff324\" data-element_type=\"container\">\n\t\t\t\t<div class=\"elementor-element elementor-element-b8c16fa elementor-widget elementor-widget-heading\" data-id=\"b8c16fa\" data-element_type=\"widget\" data-widget_type=\"heading.default\">\n\t\t\t\t\t<h2 class=\"elementor-heading-title elementor-size-default\">Prezentare profesional\u0103 <\/h2>\t\t\t\t<\/div>\n\t\t\t\t<div class=\"elementor-element elementor-element-b70cdec elementor-widget elementor-widget-text-editor\" data-id=\"b70cdec\" data-element_type=\"widget\" data-widget_type=\"text-editor.default\">\n\t\t\t\t\t\t\t\t\t<p><span data-teams=\"true\">Dr. Teona Botnaru consider\u0103 c\u0103 empatia, dedicarea, pasiunea \u0219i comunicarea \u00eentr-un mod c\u00e2t mai u\u0219or de \u00een\u021beles sunt punctele cheie pentru rela\u021bia medic-pacient. <br \/>\u00cen cadrul Clinicii Nativa, dr. Teona Botnaru efectueaz\u0103 consult dermatologic cu scop preventiv, cum ar fi verificarea aluni\u021belor cu ajutorul dermatoscopului, c\u00e2t \u0219i cu rol de diagnostic \u0219i stabilirea unui tratament personalizat pentru diferite afec\u021biuni localizate la nivelul pielii, p\u0103rului \u0219i unghiilor. <br \/>De asemenea, ea realizeaz\u0103 proceduri dermato-estetice care \u00eempreun\u0103 cu o rutin\u0103 de \u00eengrijire adecvat\u0103 tipului de ten \u00eembun\u0103t\u0103\u021besc aspectul general al pielii. <br \/>Servicii oferite: <br \/>&#8211; Consulta\u021bie adul\u021bi \u0219i copii <br \/>&#8211; Dermatoscopie <br \/>&#8211; Biopsie cutanat\u0103 <br \/>&#8211; Electrocauterizare <br \/>&#8211; Chiuretare <br \/>&#8211; Excizie forma\u021biune cutanat\u0103 \u0219i examen histopatologic <br \/>&#8211; Examinare lampa Wood <br \/>V\u0103 a\u0219tept\u0103m la o consulta\u021bie dermatologic\u0103 \u0219i stabilirea unui plan de tratament potrivit nevoilor pielii dvs.<\/span><\/p>\t\t\t\t\t\t\t\t<\/div>\n\t\t\t\t<\/div>\n\t\t\t\t\t<\/div>\n\t\t\t\t<\/div>\n\t\t\t\t<\/div>\n\t\t","protected":false},"excerpt":{"rendered":"<p>Dr. Teona Botnaru Medic specialist Dermatovenerologie Prezentare profesional\u0103 Dr. Teona Botnaru consider\u0103 c\u0103 empatia, dedicarea, pasiunea \u0219i comunicarea \u00eentr-un mod c\u00e2t mai u\u0219or de \u00een\u021beles sunt punctele cheie pentru rela\u021bia medic-pacient. \u00cen cadrul Clinicii Nativa, dr. Teona Botnaru efectueaz\u0103 consult dermatologic cu scop preventiv, cum ar fi verificarea aluni\u021belor cu ajutorul dermatoscopului, c\u00e2t \u0219i cu [&hellip;]<\/p>\n","protected":false},"author":1,"featured_media":0,"parent":0,"menu_order":0,"comment_status":"closed","ping_status":"closed","template":"elementor_header_footer","meta":{"footnotes":""},"class_list":["post-1223","page","type-page","status-publish","hentry"],"_links":{"self":[{"href":"https:\/\/nativamedical.ro\/index.php\/wp-json\/wp\/v2\/pages\/1223","targetHints":{"allow":["GET"]}}],"collection":[{"href":"https:\/\/nativamedical.ro\/index.php\/wp-json\/wp\/v2\/pages"}],"about":[{"href":"https:\/\/nativamedical.ro\/index.php\/wp-json\/wp\/v2\/types\/page"}],"author":[{"embeddable":true,"href":"https:\/\/nativamedical.ro\/index.php\/wp-json\/wp\/v2\/users\/1"}],"replies":[{"embeddable":true,"href":"https:\/\/nativamedical.ro\/index.php\/wp-json\/wp\/v2\/comments?post=1223"}],"version-history":[{"count":7,"href":"https:\/\/nativamedical.ro\/index.php\/wp-json\/wp\/v2\/pages\/1223\/revisions"}],"predecessor-version":[{"id":1230,"href":"https:\/\/nativamedical.ro\/index.php\/wp-json\/wp\/v2\/pages\/1223\/revisions\/1230"}],"wp:attachment":[{"href":"https:\/\/nativamedical.ro\/index.php\/wp-json\/wp\/v2\/media?parent=1223"}],"curies":[{"name":"wp","href":"https:\/\/api.w.org\/{rel}","templated":true}]}}